 + 45822. What are the prime factors of c?
2, 3, 17, 211
Let p = 604 - -200. Let c = -118 + p. What are the prime factors of c?
2, 7
Let u = -200 + 200. Suppose 2*q + 1510 = 3*l, l - 5*q - 499 = -u*l. What are the prime factors of l?
2, 3, 7
Let y = 645 + -642. Let n(k) = 51*k**3 + 4*k**2 - 14*k + 2. List the prime factors of n(y).
1373
Let l be (-7)/(42/(-48))*(-1116)/(-16). Suppose -h + 5*c = 4*c - l, 2*h - 1091 = -3*c. List the prime factors of h.
7, 79
Let n(z) = -857*z + 1143. List the prime factors of n(-27).
2, 3, 19, 71
Let t(o) = -o**3 + 45*o**2 - 27*o + 34. Let x(m) = -m**3 + 22*m**2 - 13*m + 17. Let i(c) = 3*t(c) - 5*x(c). List the prime factors of i(-13).
2, 7
Let h(t) = 2*t + 30. Let p be h(-7). Suppose 1538 = -14*g + p*g. List the prime factors of g.
769
Let m(n) = -8*n + 11. Let h be m(-7). Let s = -63 + h. What are the prime factors of (s - -1)*(-2 - -17)?
3, 5
Let n = -32 + 367. Let i = 428 - n. List the prime factors of i.
3, 31
Suppose -14*a + 2*l + 90366 = 0, 23*l - 12900 = -2*a + 28*l. What are the prime factors of a?
5, 1291
Let j(g) = 22*g + 240. Let x(b) = -69*b - 721. Let h(m) = 7*j(m) + 2*x(m). What are the prime factors of h(-5)?
2, 79
Let q = 9504 + -5627. List the prime factors of q.
3877
Suppose 6*t - 2*t = -156. Suppose -4*w - 3*k = -139 - 26, -172 = -4*w + 4*k. Let s = w - t. List the prime factors of s.
3
Let z be (-4)/(-3 - (-10)/6). Suppose 4*j - 45 = -z*a + 334, -j - 4*a + 98 = 0. Let x = j - -21. List the prime factors of x.
5, 23
Let w = 3942 + 576. List the prime factors of w.
2, 3, 251
What are the prime factors of 55842*((-342)/18)/(-57)?
2, 41, 227
Suppose -l + 4*l + 5*b - 10380 = 0, 4*l + 2*b = 13840. Let z = 1616 - l. List the prime factors of (-8)/(-44) + z/(-22).
2, 3, 7
Let k = 23861 - 4992. List the prime factors of k.
18869
Suppose q - 864 = l - 0*l, 3*l = 5*q - 4330. Let m = 1012 - q. What are the prime factors of m?
11, 13
Let z = 1470 - 1001. Suppose 0 = 2*s - 2*n - z + 123, 3*s - 535 = -n. What are the prime factors of s?
3, 59
Let t = 20 - 51. Let j = -29 - t. Suppose -j - 178 = -3*d. What are the prime factors of d?
2, 3, 5
Suppose 4*w = 0, 2*w + 600 = -j + 5*j. Let d be (j/(-18))/((-2)/6). Suppose -d = -4*i + 183. What are the prime factors of i?
2, 13
Suppose 3*a = -18, -d + 2718 = 4*a - 11062. List the prime factors of d.
2, 7, 17, 29
Let x(s) = 13*s - 990 + 12*s**2 + 2027 - 1009. What are the prime factors of x(7)?
7, 101
Suppose -7*i + 10*i - 2*g = -1, -3*g = -i - 12. Suppose 5*t + i*l = 3257, -6*l + 650 = t - 4*l. List the prime factors of t.
2, 163
Suppose 0 = 5*b + 2*y + 17, 3*y - 5 = 2*b - 2. List the prime factors of (-514)/b - ((-26)/(-6) - 4).
3, 19
Suppose 5*z - 15955 = -5*u, 12*z + 15971 = 5*u + 9*z. What are the prime factors of u?
31, 103
Suppose 2*b + b = 4*m - 328, -b - 118 = 3*m. Let r be (-2 + 3/2 - 0)*b. Suppose 10*a - r = 124. What are the prime factors of a?
2, 3
Suppose 0 = 38*i - 22*i. Suppose i*b + 438 = 6*b. What are the prime factors of b?
73
Suppose -8211 + 117065 = 74*h. What are the prime factors of h?
1471
Let c(s) = s**2 + 3*s + 9. Let o be c(5). Let j = -47 + o. Let z(l) = 7*l**3 - 2*l + 1. What are the prime factors of z(j)?
53
What are the prime factors of (-100)/15*72/20*(-2342)/8?
2, 3, 1171
Suppose 9*b = -14*b + 9*b + 629636. What are the prime factors of b?
2, 113, 199
Let l(y) = -17*y**3 + 4*y**2 - 77*y - 367. List the prime factors of l(-5).
2243
Suppose h = 2*k, -4*k - 4*h + 8 = -4. Let f(u) = 4*u + 3. Let l be f(k). Suppose 0 = l*g - 581 + 84. List the prime factors of g.
71
Suppose 2 = 12*c - 11*c. Suppose -z = -4*b + 1, c*b + 5*z = 6*z + 1. Let p(f) = f**2 + f + 71. What are the prime factors of p(b)?
71
Let f(d) = -42*d - 17 + 13*d + 1. Let v(w) = -494*w - 273. Let r(i) = 52*f(i) - 3*v(i). List the prime factors of r(-2).
3, 13
Suppose -4*s + 12475 = 8*l - 3*l, -2479 = -l - 4*s. What are the prime factors of l?
3, 7, 17
Suppose -18*y = -7*y - 154. Suppose 21*z - y*z - 6342 = 0. List the prime factors of z.
2, 3, 151
Let g(h) = 2*h**2 - h + 1. Let p be g(-2). Suppose t + 5*b = 242, -6*b + p*b + 25 = 0. List the prime factors of t.
3, 89
Let t(o) = -40*o - 51. Let k be t(21). Let s be k/(-2) + (-8)/16. Suppose 21*c - s = 16*c. List the prime factors of c.
89
Let u be 2*165/10*(-1)/(-3). Suppose -10 = 2*n + 3*o - 3, n + u = -4*o. What are the prime factors of 87 - 2*n/(1 + -2)?
89
Suppose 3*p + 8*d - 3 = 7*d, -1 = -2*p - d. Suppose -p*x + 1149 = b, -3*b + 6*x + 3407 = 2*x. What are the prime factors of b?
7, 163
Let b = -14 + 20. Let k(y) = y**2 + 2*y + 1. Let d be k(b). Let w = d - 35. What are the prime factors of w?
2, 7
Let s = -7974 - -16254. List the prime factors of s.
2, 3, 5, 23
Let i = -33 - -36. List the prime factors of (19/i)/((-16)/(-288)).
2, 3, 19
Suppose -4*k + 15*k = 44. Suppose 5*s + 727 = 2*o, k*s - 793 - 675 = -4*o. What are the prime factors of o?
2, 3, 61
Suppose 0 = -10*q + 8*q + 8. Suppose -10 + q = 3*z, 2*z - 280 = -2*b. Let k = b - -65. List the prime factors of k.
3, 23
List the prime factors of (17/(-2) - -9)*40961 - 2/4.
2, 5
Let y be (216/28)/9*112/3. What are the prime factors of (-3845)/(-3) + y/(-12)?
1279
Let m = -153 + 221. Suppose 2*v - 80 = 2*x, 4*v + m = 6*v + 4*x. Let y = v - -5. List the prime factors of y.
43
Let l be (-4 - -1) + 9 + -6. Let p be (l - 2) + 1*(-8 + 5). What are the prime factors of (2/p - (-60)/(-100)) + 244?
3
Let p(g) be the third derivative of g**5/20 - 7*g**4/12 + 14*g**3/3 - 9*g**2. Let f be p(8). Suppose -f = -3*x + 177. What are the prime factors of x?
5, 19
Let q(a) = -a**2 + 55*a - 47. Let m be q(24). Let x = m + -111. What are the prime factors of x?
2, 293
Let t(x) = 6*x + 6. Let i be t(4). Let v = 77 - 72. Suppose 3*f = -3*p + i, 4*p - 46 = -v*f - 0*p. List the prime factors of f.
2, 3
Suppose 62 = -4*k + 5*k. Let c = k - 58. What are the prime factors of (375/6)/(2/c)?
5
Let z be -1 + -5 + (-6 - -313). Suppose -z = -6*h + 4*h + 3*x, -4*h = -4*x - 608. What are the prime factors of h?
5, 31
Suppose -368*t + 1551333 = 377*t - 724*t. What are the prime factors of t?
31, 2383
Let o(z) = 2*z**2 + z - 5. Let p be o(3). Let f = p + -11. Suppose -2*x - 2*q = -x - 41, 0 = f*x - 4*q - 135. List the prime factors of x.
31
Suppose 75 = -2*p + g, -5*g + 145 = -4*p - 4*g. List the prime factors of ((-7701)/(-85))/((-3)/p).
7, 151
Let m(x) = -3*x - 25. Suppose -4 + 94 = -10*b. Let i be m(b). Suppose 0*q - 119 = -q + j, 2 = i*j. What are the prime factors of q?
2, 3, 5
What are the prime factors of ((-33)/(-55))/(-6*1/(-5370))*11?
3, 11, 179
Suppose 5*j - 399 = -94. Suppose -3*g = j + 158. List the prime factors of (3 + (-12)/3)*g.
73
Let l be 110*110/80 + 1/(-4). Suppose -65 - l = -4*u. List the prime factors of u.
2, 3
Let t be (-6 - -2)/4 + 1. Suppose f - 122 - 695 = t. List the prime factors of f.
19, 43
Let p(w) = w**3 + 7*w**2 - 31*w - 8. Let r be p(-10). Suppose -3*g - 1564 = -7*g - 4*o, -5*g + r*o = -1969. What are the prime factors of g?
3, 131
Let v(i) = 6841*i**2 + 196*i + 392. What are the prime factors of v(-2)?
2, 6841
Suppose -5*z + 4*z + 2*t = -3, 8 = 4*t. List the prime factors of 3/z - (-14679)/49.
2, 3, 5
Let s(f) = f**3 + 12*f**2 + 16*f + 2. Let z = 115 + -123. Let w be 78/(-12) - (-4)/z. What are the prime factors of s(w)?
3, 5
Suppose -3*i - 196 - 359 = 0. Let b = 233 - i. Suppose 151 = d - 4*n, -3*d = -3*n - 80 - b. List the prime factors of d.
3, 19
List the prime factors of 229384/16 + 2/(-9) + (-182)/(-252).
3, 59
Let s(f) = 53*f**2 - 4*f - 40. Let i be s(-5). Let g = i - 334. List the prime factors of g.
971
Let w(i) = -19*i**2 - 15*i + 39. Let b be w(10). Let q = -1180 - b. What are the prime factors of q?
3, 277
Let t = -6627 - -11170. List the prime factors of t.
7, 11, 59
Suppose 4*s + 2*x - 20 = 0, -7*x = 5*s - 10*x - 3. Suppose 21*n + 1345 = v + 26*n, 0 = 3*v + s*n - 3987. What are the prime factors of v?
5, 53
Let n(u) = u**3 + 7*u**2 + 6*u + 4. Let z be n(-6). Let p(j) = j**2 + 6*j - 8. Let d be p(z). Let c = d + 5. List the prime factors of c.
37
Suppose 3*p = -p. Let g be (0 - p)/(2 - (0 + 3)). Suppose 2*j - 81 + 25 = g. What are the prime factors of j?
2, 7
Let q(z) = -z**3 + 2*z - 1. Let m be 2*-3*(-3)/(-9). Let c be q(m). Suppose -2*b + 2*o + 42 = 